he greatest common divisor of 15847 and 48919.
689
What is the greatest common divisor of 54 and 1800?
18
What is the greatest common factor of 462685 and 370?
185
Calculate the highest common divisor of 3110 and 1280.
10
Calculate the greatest common divisor of 11270 and 1058.
46
What is the highest common divisor of 1885 and 7085?
65
What is the highest common factor of 406379 and 31?
31
Calculate the greatest common factor of 7 and 72191.
7
What is the greatest common factor of 72 and 20655?
9
What is the highest common factor of 14 and 33985?
7
What is the greatest common divisor of 19 and 20729?
19
What is the highest common factor of 1653 and 1140?
57
Calculate the greatest common factor of 222 and 12543.
111
What is the highest common factor of 37637 and 61?
61
Calculate the greatest common divisor of 84 and 6924.
12
What is the greatest common factor of 81902 and 80581?
1321
What is the highest common factor of 886579 and 314?
157
Calculate the highest common factor of 95 and 32281.
19
Calculate the highest common divisor of 640610 and 470.
470
What is the highest common divisor of 99 and 143891?
11
Calculate the greatest common factor of 23492 and 56.
28
Calculate the greatest common divisor of 176092 and 1786.
38
Calculate the highest common divisor of 68121 and 17901.
81
What is the highest common factor of 30 and 17610?
30
What is the greatest common factor of 24 and 150628?
4
What is the greatest common divisor of 190 and 1335415?
95
What is the greatest common divisor of 74270 and 80?
10
What is the greatest common factor of 20572164 and 1434?
1434
Calculate the highest common factor of 357 and 34034.
119
What is the highest common factor of 7885 and 760?
95
What is the highest common factor of 4459 and 65?
13
Calculate the greatest common factor of 412076 and 252.
28
Calculate the greatest common divisor of 180 and 98775.
45
What is the greatest common divisor of 2262 and 146334?
174
Calculate the greatest common divisor of 15477 and 7392.
231
What is the greatest common divisor of 3835 and 9776?
13
Calculate the greatest common divisor of 568 and 239483.
71
What is the highest common divisor of 74643 and 537?
537
What is the highest common divisor of 167025 and 524?
131
Calculate the greatest common factor of 10368 and 14418.
162
What is the highest common divisor of 49026 and 12?
6
What is the greatest common factor of 8 and 230960?
8
Calculate the greatest common divisor of 86225 and 1625.
25
Calculate the greatest common factor of 162 and 257094.
162
What is the highest common factor of 48668 and 3220?
92
Calculate the greatest common divisor of 4191 and 541401.
381
What is the greatest common divisor of 2720320 and 16?
16
What is the greatest common factor of 17 and 5814799?
17
Calculate the greatest common factor of 2656 and 2077822.
166
Calculate the highest common divisor of 181258 and 428.
214
What is the greatest common factor of 44702 and 927?
103
What is the greatest common divisor of 104 and 7232?
8
Calculate the greatest common factor of 3157 and 319.
11
What is the highest common factor of 62370 and 1610?
70
Calculate the greatest common divisor of 483320 and 8.
8
What is the highest common divisor of 15291 and 36?
9
What is the greatest common factor of 100533 and 4991?
713
What is the greatest common factor of 88 and 1254?
22
What is the greatest common factor of 153 and 34476?
51
What is the greatest common divisor of 783 and 4089?
87
What is the greatest common divisor of 391 and 9532189?
391
Calculate the highest common factor of 334 and 46.
2
Calculate the highest common divisor of 46170 and 7410.
570
Calculate the highest common divisor of 960 and 149584.
16
What is the highest common factor of 1760 and 1943392?
352
Calculate the greatest common factor of 4125 and 2805.
165
Calculate the highest common divisor of 16 and 444832.
16
What is the highest common divisor of 7746 and 3360473?
1291
Calculate the greatest common divisor of 1638830 and 90.
10
What is the greatest common factor of 999 and 76977?
27
What is the greatest common divisor of 17507 and 861?
287
Calculate the highest common factor of 51 and 1853.
17
What is the highest common factor of 162 and 162342?
18
What is the highest common divisor of 201 and 241803?
201
Calculate the greatest common factor of 27924 and 10203.
537
What is the greatest common factor of 852 and 7516?
4
Calculate the highest common factor of 830 and 46560.
10
What is the highest common divisor of 38 and 2774722?
38
Calculate the highest common divisor of 26671 and 4768.
149
Calculate the highest common divisor of 14141 and 632.
79
Calculate the greatest common factor of 945 and 980.
35
What is the highest common factor of 2 and 100953?
1
Calculate the highest common divisor of 1075411 and 92.
23
What is the greatest common factor of 20085 and 75087?
309
What is the highest common factor of 15180 and 5505?
15
What is the greatest common factor of 74263 and 3605?
721
Calculate the highest common factor of 43 and 40635.
43
Calculate the highest common divisor of 277560 and 324.
108
What is the highest common divisor of 224 and 1043?
7
Calculate the greatest common factor of 354 and 7198.
118
Calculate the greatest common divisor of 1452668 and 812.
812
Calculate the highest common factor of 204561 and 17.
17
Calculate the greatest common divisor of 228 and 9044.
76
What is the highest common factor of 37035 and 27?
9
Calculate the highest common divisor of 496010 and 9650.
1930
What is the greatest common divisor of 1614 and 181306?
538
What is the greatest common factor of 142 and 57581?
71
What is the greatest common divisor of 1416714 and 78?
78
What is the highest common factor of 44561 and 44?
11
What is the greatest common divisor of 420 and 14245?
35
Calculate the highest common factor of 3600 and 1215.
45
What is the greatest common factor of 145985 and 970?
485
Calculate the greatest common divisor of 476 and 6868.
68
Calculate the highest common factor of 460 and 840740.
20
What is the highest common factor of 10476 and 11988?
108
Calculate the greatest common divisor of 7434 and 590.
118
Calculate the highest common divisor of 1987622 and 2613.
871
What is the greatest common factor of 99 and 5951?
11
What is the greatest common divisor of 1008 and 95536?
112
Calculate the greatest common factor of 306 and 4233.
51
What is the highest common divisor of 5895663 and 1509?
1509
What is the highest common divisor of 157 and 47?
1
What is the greatest common divisor of 564575 and 1375?
275
Calculate the highest common factor of 29072 and 67344.
368
Calculate the greatest common divisor of 3600 and 6225300.
900
Calculate the highest common divisor of 36423 and 90312.
213
Calculate the highest common divisor of 243 and 20736.
81
What is the greatest common divisor of 68692 and 468?
52
Calculate the highest common divisor of 1842139 and 549.
61
Calculate the greatest common factor of 45249 and 1.
1
What is the highest common factor of 18444 and 24?
12
Calculate the highest common factor of 88770 and 4470.
30
Calculate the greatest common divisor of 146 and 106361.
73
What is the highest common divisor of 1648 and 796293?
103
What is the highest common divisor of 3264 and 45120?
192
What is the highest common factor of 37665 and 1701?
243
Calculate the greatest common divisor of 1102 and 11419.
19
Calculate the greatest common divisor of 2024 and 6325.
253
What is the greatest common factor of 1460 and 380?
20
Calculate the highest common divisor of 414730 and 268.
134
What is the greatest common divisor of 273 and 196287?
273
Calculate the highest common divisor of 3796480 and 50.
10
Calculate the greatest common divisor of 164 and 47437.
41
Calculate the greatest common factor of 54057 and 111.
111
Calculate the highest common factor of 259 and 11729.
37
Calculate the highest common factor of 83668 and 182.
26
Calculate the greatest common divisor of 2607 and 39579.
237
Calculate the greatest common divisor of 3072787 and 807.
269
Calculate the highest common divisor of 17265 and 2430.
15
Calculate the greatest common factor of 875152 and 1977.
659
What is the greatest common factor of 343 and 4018?
49
Calculate the highest common factor of 56630 and 10990.
70
What